te number?
False
Is 4903 a composite number?
False
Is 1631 a prime number?
False
Is 6491 a composite number?
False
Is 18973 a prime number?
True
Is 3779 a prime number?
True
Is 1907 a prime number?
True
Is 23367 prime?
False
Is 43823 composite?
True
Is 35747 a composite number?
False
Is 59333 a prime number?
True
Is 17807 prime?
True
Is 78197 a prime number?
False
Is 31579 prime?
False
Is 118189 prime?
True
Is 123559 prime?
False
Is 1174829 a composite number?
False
Is 26833 prime?
True
Is 859 prime?
True
Is 1897663 composite?
True
Is 3803 a composite number?
False
Is 653 composite?
False
Is 542053 a prime number?
True
Is 523 composite?
False
Is 298021 prime?
True
Is 27743 a composite number?
False
Is 427627 prime?
False
Is 11765135 a composite number?
True
Is 43481 prime?
True
Is 288647 prime?
True
Is 47305 composite?
True
Is 40961 a prime number?
True
Is 2722 a composite number?
True
Is 10301 composite?
False
Is 196531 a composite number?
True
Is 28729 a prime number?
True
Is 1995863 prime?
False
Is 206059 prime?
False
Is 354751 a composite number?
False
Is 1157 a composite number?
True
Is 130783 composite?
False
Is 38903 a composite number?
False
Is 74771 prime?
True
Is 48239 composite?
False
Is 68863 composite?
False
Is 31431 composite?
True
Is 2633 a prime number?
True
Is 64271 a prime number?
True
Is 1902367 prime?
True
Is 18967 a composite number?
True
Is 167711 prime?
True
Is 13033 composite?
False
Is 287977 composite?
False
Is 278657 composite?
True
Is 22861 a prime number?
True
Is 16943 a composite number?
False
Is 134818 a prime number?
False
Is 810989 a composite number?
False
Is 519349 prime?
True
Is 585283 a composite number?
False
Is 58759 prime?
False
Is 9091 prime?
True
Is 96631 prime?
False
Is 96127 a composite number?
True
Is 118681 composite?
False
Is 6187 a composite number?
True
Is 55607 prime?
False
Is 3937 prime?
False
Is 69878 a prime number?
False
Is 844211 prime?
False
Is 12497 a prime number?
True
Is 1393451 prime?
True
Is 7209167 prime?
False
Is 111577 a composite number?
False
Is 5062 a prime number?
False
Is 21971 prime?
False
Is 37217 prime?
True
Is 269457 a prime number?
False
Is 602993 a prime number?
False
Is 13711 prime?
True
Is 247297 a composite number?
True
Is 2163491 prime?
False
Is 29687 a composite number?
True
Is 376949 prime?
True
Is 86401 a prime number?
False
Is 1559 a composite number?
False
Is 306265 prime?
False
Is 34909 composite?
True
Is 4583 a prime number?
True
Is 126667 a composite number?
True
Is 348203 a prime number?
False
Is 333401 prime?
False
Is 13469 a prime number?
True
Is 41269 a composite number?
False
Is 163729 a composite number?
False
Is 35566 prime?
False
Is 1909 composite?
True
Is 100493 a composite number?
False
Is 105437 a prime number?
True
Is 330149 a prime number?
True
Is 55427 prime?
False
Is 293611 a composite number?
True
Is 196967 a prime number?
False
Is 2439893 a prime number?
True
Is 1031501 composite?
True
Is 30071 composite?
False
Is 67493 prime?
True
Is 5573731 a composite number?
False
Is 1321063 composite?
False
Is 1817 a composite number?
True
Is 75961 composite?
True
Is 85633 a composite number?
True
Is 37579 composite?
False
Is 11959 a prime number?
True
Is 3299 composite?
False
Is 2049 a prime number?
False
Is 163193 a composite number?
False
Is 360619 a composite number?
True
Is 1046797 a prime number?
True
Is 6801 a composite number?
True
Is 73774 a prime number?
False
Is 8117 composite?
False
Is 885463 composite?
True
Is 479001 a composite number?
True
Is 63823 a composite number?
False
Is 11751 prime?
False
Is 7799 a composite number?
True
Is 329 a prime number?
False
Is 59903 a composite number?
True
Is 1061 a composite number?
False
Is 35653 prime?
False
Is 23207 prime?
False
Is 72019 a composite number?
False
Is 2153 prime?
True
Is 1748993 a prime number?
True
Is 243895 prime?
False
Is 9235 a prime number?
False
Is 2741 a prime number?
True
Is 188093 a composite number?
True
Is 84877 a prime number?
False
Is 29101 prime?
True
Is 1690883 composite?
False
Is 9127 composite?
False
Is 891581 a composite number?
True
Is 1916509 composite?
True
Is 13841 a prime number?
True
Is 18371 a composite number?
False
Is 27673 prime?
True
Is 47381 a composite number?
False
Is 44909 prime?
True
Is 312563 composite?
False
Is 54861 prime?
False
Is 3187037 a composite number?
True
Is 63647 a composite number?
False
Is 236337 composite?
True
Is 430937 composite?
True
Is 2827 composite?
True
Is 110089 prime?
False
Is 797 prime?
True
Is 256079 a prime number?
True
Is 95857 composite?
False
Is 78359 a prime number?
False
Is 40903 a prime number?
True
Is 47597 a composite number?
True
Is 916781 a prime number?
True
Is 62297 prime?
True
Is 16649 a composite number?
False
Is 99547 prime?
False
Is 236489 prime?
False
Is 117809 composite?
False
Is 5129 a prime number?
False
Is 180733 composite?
True
Is 294269 a composite number?
False
Is 1344863 a composite number?
True
Is 240587 prime?
True
Is 11057 a prime number?
True
Is 113279 composite?
False
Is 251417 prime?
True
Is 144295 prime?
False
Is 97233 composite?
True
Is 46054 a composite number?
True
Is 22181 a prime number?
False
Is 2111 prime?
True
Is 433189 a composite number?
True
Is 72421 prime?
True
Is 5911 prime?
False
Is 198593 composite?
False
Is 111697 a composite number?
False
Is 199 a composite number?
False
Is 69031 composite?
False
Is 62549 a composite number?
False
Is 221779 a prime number?
False
Is 3713 composite?
True
Is 2546393 a composite number?
False
Is 35023 prime?
True
Is 26615 prime?
False
Is 1138 a prime number?
False
Is 1073 prime?
False
Is 9533 prime?
True
Is 57719 a prime number?
True
Is 2333 prime?
True
Is 213713 a composite number?
False
Is 769 composite?
False
Is 63997 composite?
False
Is 96797 composite?
False
Is 1511 a composite number?
False
Is 704479 prime?
False
Is 1883 composite?
True
Is 351179 composite?
False
Is 3763 a composite number?
True
Is 463553 prime?
False
Is 3683 prime?
False
Is 5347 a prime number?
True
Is 13171 a prime number?
True
Is 1979 a composite number?
False
Is 29593 composite?
True
Is 3409 a composite number?
True
Is 183387 a prime number?
False
Is 80846 prime?
False
Is 25523 composite?
False
Is 15077 a prime number?
True
Is 720326 a prime number?
False
Is 220447 prime?
True
Is 3377 composite?
True
Is 5833 a prime number?
False
Is 50671 a prime number?
True
Is 11717 prime?
True
Is 29905 a composite number?
True
Is 847221 composite?
True
Is 4373 a composite number?
False
Is 67679 a prime number?
True
Is 63031 prime?
True
Is 172934 a composite number?
True
Is 140197 composite?
False
Is 347199 a prime number?
False
Is 421591 a prime number?
False
Is 2466557 composite?
True
Is 135887 prime?
True
Is 119611 a prime number?
True
Is 11422 a composite number?
True
Is 3899 prime?
False
Is 211283 a composite number?
False
Is 42587 a prime number?
False
Is 5557 composite?
False
Is 52985 composite?
True
Is 424187 prime?
True
Is 13765 composite?
True
Is 1703437 composite?
False
Is 698171 a prime number?
True
Is 1423579 a composite number?
False
Is 418121 prime?
False
Is 583 prime?
False
Is 187046 prime?
False
Is 9094 prime?
False
Is 188501 a prime number?
False
Is 19103 a prime number?
False
Is 5297 composite?
False
Is 869819 composite?
False
Is 12007 prime?
True
Is 1247 prime?
False
Is 5701 composite?
False
Is 307973 composite?
True
Is 27221 prime?
False
Is 20073 prime?
False
Is 191621 prime?
True
Is 18419 composite?
True
Is 790127 a composite number?
True
Is 65057 prime?
False
Is 370193 prime?
True
Is 19715 prime?
False
Is 30269 a prime number?
True
Is 16817 a prime number?
False
Is 1730839 prime?
False
Is 20465 a prime number?
False
Is 42115 prime?
False
Is 12689 a prime number?
True
Is 303395 a prime number?
False
Is 73742 composite?
True
Is 85171 prime?
False
Is 5473 prime?
False
Is 11962 composite?
True
Is 77021 prime?
False
Is 127883 a prime number?
False
Is 70985 composite?
True
Is 98281 composite?
True
Is 11759 a prime number?
False
Is 703 prime?
False
Is 566 a prime number?
False
Is 19813 composite?
False
Is 6563 prime?
True
Is 24293 a composite number?
True
Is 702951 a prime number?
False
Is 10466 composite?
True
Is 42118 a composite number?
True
Is 232741 prime?
True
